se n - 48 = 48. What is the units digit of n?
6
Let z(x) = -x**2 - 9*x + 9. Let s be z(-10). Let u(a) = a + 20. Let g be u(0). Let t = s + g. What is the tens digit of t?
1
Suppose 2*q = 38 + 84. What is the units digit of q?
1
Let k = -37 - -57. What is the units digit of k?
0
Let c(s) = -s**3 - 9*s**2 - 11*s - 4. Let v be c(-8). Suppose 4*f = -2*m + 26, -5*f - 30 = -3*m + v. Let d = 28 - m. What is the units digit of d?
3
Let q(v) = v**2 + 7*v - 3. Let t be q(-6). What is the units digit of 2/(-6) - 147/t?
6
Suppose -i = 2*k - 58, -5*i + 33 = k - 14. Let o(b) = -18*b**2 + b. Let l be o(1). Let c = l + k. What is the tens digit of c?
1
Let x = 1 + -2. Let l = 1 - 1. Let d = l - x. What is the units digit of d?
1
Let v(t) = 7 - 1 - 4 - 11*t. What is the tens digit of v(-2)?
2
Let d(u) = -u - 6. Let b be d(-6). Suppose 5*a - 87 = -b*i + 3*i, -5*a + 86 = -4*i. What is the tens digit of a?
1
Let c(z) = -2*z + 20. What is the units digit of c(9)?
2
Let z(i) = 26*i**2 + 3. What is the tens digit of z(2)?
0
Suppose 7 = -a + 5*s, 3*s - s = 2*a - 2. Suppose 1 = -v + a. What is the units digit of v?
2
Suppose 3 - 1 = b. Suppose -3*j + 12 = 3*u, 11 = b*j - 2*u - 1. What is the units digit of j?
5
Suppose -36*d = -33*d - 372. What is the units digit of d?
4
Suppose 4*h - 16 = -0*h. Suppose h*b - 15 - 21 = 0. What is the units digit of b?
9
Let u(j) = -j**3 - 10*j**2 + 4*j - 13. What is the units digit of u(-11)?
4
Suppose -2*r - 3*k = -8, 8 = -r + 4*k + 1. Let t = r + 24. What is the tens digit of t?
2
Let g(b) = -b**3 + 6*b**2 + b - 5. Let u be g(6). Let n = u + 0. Suppose 5*a - 2*c = 16, n = -4*a + 2*c - 5*c. What is the units digit of a?
2
Let i(r) = 2*r + 11. Let g(a) = -a - 1. Let h(k) = 3*g(k) + i(k). What is the tens digit of h(-7)?
1
Let j be 1 + 12/3 + -1. Let k = -6 - -13. Suppose -m + k = -b + m, -8 = j*b - 4*m. What is the units digit of b?
3
Suppose -3*v + 571 + 23 = 0. What is the units digit of v?
8
Let u = 6 + -3. Suppose u*j + 4*q = 31, -3*q + 23 = 3*j - q. What is the units digit of (-4 + 3)*-1*j?
5
Suppose 17*m = 14*m + 384. What is the units digit of m?
8
Let n(w) = w**2 + 9*w + 15. What is the units digit of n(-8)?
7
Let r be 1/(2/(-10)) + 0. Let v be (0 - (-2)/r)*10. What is the units digit of ((-2)/v)/((-3)/(-48))?
8
Let f(w) be the third derivative of -w**6/120 - w**5/60 + w**4/8 - w**3/2 - w**2. Let t be f(2). What is the units digit of 27*(0 + (-3)/t)?
9
Let v be (-2)/8 - (-9)/4. Suppose 6*y - y - 27 = -v*n, -3*n + 69 = -2*y. Let t = -12 + n. What is the units digit of t?
9
Suppose 5*l - 20 = 50. Let k be ((-216)/l)/(6/(-28)). Suppose 0 = 5*a - a - k. What is the tens digit of a?
1
Let j = 462 - 189. What is the hundreds digit of j?
2
Suppose -3*v + 165 = 2*v. Suppose -w + v = 11. What is the units digit of w?
2
Let k = -7 - -11. Suppose -28*y + 23*y + 135 = 0. Suppose -18 = 3*g - 3*h - 54, -k*h - y = -g. What is the units digit of g?
7
Let n(p) = -p**3 - 3*p**2 - 3*p - 1. What is the units digit of n(-2)?
1
Let t(k) = k**3 + 10*k**2 + 8*k - 6. Suppose 5*l + 3*p - 13 = -73, 47 = -3*l - 4*p. Let b be t(l). Suppose 0 = -b*o + 35 + 4. What is the tens digit of o?
1
Suppose 8 + 7 = -3*i. Let v be 12/3*i/(-2). Suppose 4*p + 4*z + v = 26, 4*p = -z + 22. What is the units digit of p?
6
Let v(n) = 3*n + 14. What is the tens digit of v(7)?
3
Suppose -3*j = -8*j - 3*t - 8, 36 = -5*j + 4*t. Let k be 58/(-18) + (-4)/(-18). What is the units digit of j*(9/4)/k?
3
Let a = 209 + -69. Suppose 0 = -4*c + 2*d + a, -c - 2*d = -d - 35. What is the tens digit of c?
3
Suppose 0 = -5*h + 3*k - 65 + 391, -5*h + 4*k + 323 = 0. What is the units digit of h?
7
Let i(u) = u**3 - u**2 + 1. Let r be i(2). Suppose -2*l + 4*v + 38 = 2*v, 0 = -r*l + 3*v + 93. What is the units digit of l?
8
Suppose -4*n + 6 = -2*o, -12 = o - 0*o - 5*n. Suppose 0 = o*c - a - 46, -5*c + a = 3*a - 84. What is the units digit of c?
6
Suppose 42 = 4*f + 2*b, 21 = -f + 2*f + 4*b. Let u(c) = -8 + 0*c + 1 + 2 + c. What is the units digit of u(f)?
4
Let f = -164 - -244. What is the units digit of f?
0
Suppose -4*r - 4*b - 87 = -9*r, 68 = 4*r - 4*b. What is the units digit of r?
9
Let x = 6 - 6. Suppose -5*h + 4*b + 29 = x, 3*b = h - b - 9. What is the units digit of h?
5
Let h = -3 - -20. What is the tens digit of h?
1
Let n(s) = s + 5. Let d be n(0). Suppose -b = -2*b - h + 19, -d*h = 3*b - 61. What is the units digit of b?
7
Suppose 230 = 3*n - n. What is the units digit of n?
5
Let y(h) = 10*h**2 + 13*h + 2. What is the hundreds digit of y(-4)?
1
Suppose -2*r + 7 = r + 2*y, -4*r - 2*y = -12. Suppose 3*s - 38 = r*u, -4*s + 66 = 2*u - 2. Suppose 4 = 2*j - s. What is the units digit of j?
0
Let z be (3/(-1) - -2)*-15. Let m = z - 5. What is the tens digit of m?
1
Suppose -600 = -15*u + 9*u. What is the hundreds digit of u?
1
Let l(u) = u**3 + 9*u**2 + 10*u. Suppose 0*h - 26 = 2*d + 2*h, 0 = 2*d - 2*h + 6. Let k be l(d). Let q = 3 - k. What is the units digit of q?
9
Let q(m) = -3*m + 9 - m**3 + 2 - m - 3*m + 10*m**2. What is the units digit of q(9)?
9
Let f = 214 - 131. What is the units digit of f?
3
Let m(b) = 2 - 6*b - 3 - 2*b + 0*b. What is the units digit of m(-3)?
3
Let n(y) = -6*y - 7. Let h(z) = -z**3 - 8*z**2 + 2*z + 12. Let d be h(-8). What is the tens digit of n(d)?
1
Let w = 9 - 6. Suppose 61 = w*h - 5*u, h - 34 = 4*u - 9. What is the tens digit of h?
1
Suppose -8*d + 5*u + 237 = -4*d, -3*d - u = -192. Suppose -3*b + 17 = -4*w, -2*w + d = 3*b + 2*b. What is the units digit of b?
1
Suppose -5*l + 25 = 3*j + 2*j, -3*l = 4*j - 20. Suppose -5*n - 3 = -l*i - 4*i, 0 = -2*n - i + 4. Let w = 2 + n. What is the units digit of w?
3
Let k = 45 + -68. Let w = k - -32. Suppose p + 3 = w. What is the units digit of p?
6
Let y be (-1)/(-4) + (-69)/(-12). Let v = y + -3. What is the tens digit of (-2*6)/(2 - v)?
1
Let w(a) = -a**3 + 8*a**2 + 10*a + 4. Let t be w(9). Let s be t - (-3 + 3)/(-2). Suppose 5*c + 2*i = s, -4*c + 6*c - 14 = -3*i. What is the units digit of c?
1
Let s be (76/6)/((-6)/27). What is the units digit of (s/(-6) + -3)*2?
3
Let v(n) = n - 7. Let a be v(8). Let f = 19 + a. Suppose k + 3*t + 0*t - f = 0, -5*k + 15 = -2*t. What is the units digit of k?
5
Let i(t) = t**2 + 1. Let j(d) = -d**2 + 6*d - 6. Let z(l) = 3*i(l) + j(l). What is the tens digit of z(-5)?
1
Let v(t) = -t**3 + 4*t**2 + 2*t - 6. Let a be v(4). Let i(j) = -j**2 + 4*j + 5. Let h be i(5). Suppose -y + 8 - a = h. What is the units digit of y?
6
Suppose 0 = -4*c + 3*g - 7, 0*g - 5 = -g. Suppose 4*u - 48 = -4*z + z, -32 = -c*z - 4*u. What is the tens digit of z?
1
Let c(z) = 9*z**2 + 3*z + 3. What is the tens digit of c(-3)?
7
Suppose -f + 10 = 4*f. What is the tens digit of (8/10)/(f/35)?
1
Let n(u) be the third derivative of u**4/24 + 5*u**3/6 - u**2. Let r(g) = -g**3 + 5*g**2 - g + 5. Let l be r(5). What is the units digit of n(l)?
5
Suppose 3*o = -q + 5, 5 = q - 0*q. Suppose 0*d + 3*d = o. What is the units digit of 12 - (6/3 + d)?
0
Suppose 2*y = 3*y. Let s = 4 + y. What is the units digit of s/(-3)*(-3)/2?
2
Let u(p) = p**2 - 4*p - 4. Let f be 44/16 + 2/8. Suppose -6 = f*t - 4*t. What is the units digit of u(t)?
8
Suppose 5*m - 4 = -14. Let z be m/(-9) - 110/9. Let a = -9 - z. What is the units digit of a?
3
Let r(l) = -l**2 - 15*l - 7. Let x be r(-11). Let j = -18 + x. What is the tens digit of j?
1
Let v be 47*(-4)/(8/6). What is the tens digit of (3 - v)/3 + 1?
4
Let g = 91 - 84. What is the units digit of g?
7
Suppose -2*y + 2 = -2. Suppose j = -y*j + 75. What is the units digit of (20/j)/((-4)/(-30))?
6
What is the units digit of 1876/26 - 8/52?
2
Suppose -12 = -2*q - q. Let p be (2 + -3)*(-3 + 0). Suppose -p*f + 2 = 2*n + 4, 0 = 4*n + 4*f - q. What is the units digit of n?
5
Let r = -24 - -48. Suppose -t + r = -3*u, 2*t + 4*u = u + 39. What is the units digit of t?
1
Let q = 4 - -1. Suppose 5*m - 45 = -q*y, 5*y - 9 = 3*m + 4. What is the units digit of y?
5
Suppose 3*w - 5*w = -204. What is the hundreds digit of w?
1
Let o = 17 - 13. Let l = 21 - o. What is the tens digit of l?
1
Suppose -1 + 2 = y. Let n = 2 - y. What is the units digit of n?
1
Let i = 112 + -78. What is the units digit of i?
4
Let m(c) = c**2 - 5*c + 5. Let u be m(5). Suppose 0 = u*i + q - 20, -3*q = -2*i + 5 + 3. Suppose -i*